 a = 26287 + 10681. What is the units digit of a?
8
Let h = -968 + 988. Let x = 1307 + -711. Suppose 4*u + h = x. What is the tens digit of u?
4
Let g be (2266/33)/(2/12). Suppose 5*x + 43 = 3*p + g, 2*p = 2*x - 146. Suppose -x - 250 = -5*a. What is the tens digit of a?
6
Let n = 17898 - -36322. What is the tens digit of n?
2
Suppose 11*s + 37 + 29 = 0. Let q(h) = -4*h - 20. Let o be q(s). Suppose 2*r = o*r - 258. What is the tens digit of r?
2
Suppose -5*r + 732 + 2118 = -3*k, 2*k = 10. Let o = r - 338. What is the units digit of o?
5
What is the units digit of 12/22 + (-12 - (-1833768)/198)?
0
Let b(c) = c**3 - 16*c**2 + 129*c - 2026. What is the units digit of b(16)?
8
Let y(m) be the third derivative of 7*m**5/12 - m**4/24 + 2*m**3/3 + m**2. Suppose 5*u + 5*z + 0 - 5 = 0, -3*z = -2*u - 13. What is the tens digit of y(u)?
4
Let g be 3 + 1 + 70/(-2). Let l = 106 - 36. Let q = l - g. What is the units digit of q?
1
Suppose 48 = -5*i - 4*h - 0, 3*i + 5*h = -34. Let b = i - -10. Suppose -b*d + 4*l - l + 98 = 0, 0 = -d - 2*l + 42. What is the units digit of d?
6
Let b(l) = l + 2*l - 16*l + 10*l + 26. What is the units digit of b(6)?
8
Let t(v) = 47*v**2 - 2*v - 311. What is the units digit of t(-15)?
4
What is the units digit of -188*((-16)/24 + 1839/(-36))?
9
Suppose 18336 = 4*j - w, 0 = 25*j - 27*j + 5*w + 9204. What is the hundreds digit of j?
5
Suppose -133070 = -23*v - 35862 + 372107. What is the ten thousands digit of v?
2
Let s(d) = -9*d**2 + 6*d + 5. Let c be s(-1). What is the tens digit of 6 + c/5*-362?
3
Suppose -5*f = -45 - 10. Suppose f - 9 = u. Suppose -u*b + 47 + 19 = 0. What is the units digit of b?
3
Let b(s) = s**3 - 83*s**2 - 129*s + 295. What is the tens digit of b(87)?
4
Suppose 3*r - 4*o = 147351, 0 = 2*r + 2*o - 56071 - 42163. What is the ten thousands digit of r?
4
Suppose l - 21 = -2*g, -4*g = 3*l - 8*g - 73. Let n(y) = -y**2 + 4*y - 6. Let j be n(5). Let f = l + j. What is the tens digit of f?
1
Suppose 0 = -3*n - 2*z + 64, -n + 0*z + 24 = 2*z. Suppose -12*p - 8608 = -n*p. What is the hundreds digit of p?
0
Suppose 0 = -50*v + 2135 + 57015. What is the thousands digit of v?
1
Suppose 115*t - 120*t = -300. What is the tens digit of 1272/t - (4/10)/2?
2
Suppose v - 26 = -21. Let o be v - 3 - 4 - -4. Suppose -p + 3*t = -112, -o*p + t = -3*t - 216. What is the hundreds digit of p?
1
Let n(m) = 34 - 80*m**3 - 36 - 68*m**3 - 3*m. Suppose 5*t + 7*w - 7 = 10*w, -2*w - 6 = -2*t. What is the units digit of n(t)?
9
What is the units digit of 68 - 66 - (3 + -12106)?
5
Suppose 8169 = 14*z - 95*z + 1114548. What is the hundreds digit of z?
6
Let k = 4409 + -3463. What is the tens digit of k?
4
Suppose 5*i - 2572 = 2*s, 20*i - 528 = 19*i - 3*s. What is the units digit of i?
6
Suppose -2*i - 3*w = 3*i + 388, 5*w + 390 = -5*i. Let j = i + 85. What is the tens digit of j/(-6)*(-15)/2?
1
Let j be 3*(-24)/(-18) - -1. What is the units digit of -5 - 5/(j/(-46))?
1
Let x(d) = -d - 2. Suppose 0 = -3*o - 2*j - 11, 0 = 5*o + 5*j - 2*j + 19. Let u be x(o). Suppose -91 = -u*s + 104. What is the tens digit of s?
6
Suppose 3*p = h - 16535, 69*h - 66*h = 3*p + 49641. What is the units digit of h?
3
Suppose 0 = 5*v - 16*o + 15*o - 34815, 0 = 3*v + 3*o - 20871. What is the tens digit of v?
6
Suppose 4*o - 3*j = 6*o - 23, 95 = 5*o - 5*j. Suppose -p - 910 = -q - 2*q, -o = 4*p. What is the hundreds digit of q?
3
Let h be ((2 - 0) + -3)/(8/(-376)). Suppose h*q = 25006 - 2963. What is the tens digit of q?
6
Let v(g) = 43*g**3 - 7*g**2 + 122*g - 21. What is the tens digit of v(9)?
5
Suppose -x = 4*m - 315, 2*m - 401 = -3*x + 524. What is the units digit of x + (0 - (5 + 1))?
1
Let d = -181 - -189. Suppose d*w - 9077 = 2995. What is the thousands digit of w?
1
Suppose -17*m + 255 - 81515 = 0. What is the tens digit of m/(-12) - (-1)/(-3)?
9
Suppose v = -5*o + 9*o + 95, 2*o = -v + 107. Let r = v - 99. Suppose 0*c + 4*m + 153 = c, r*c = -2*m + 594. What is the hundreds digit of c?
1
Suppose -223605 = -3*d - 3*f, -2*d - 26*f = -28*f - 149102. What is the units digit of d?
3
Suppose 0 = -8*u + 8081 + 1135. Suppose u = 46*w - 40*w. What is the tens digit of w?
9
Let y(h) = 24*h**2 - 6*h + 10. Let l be y(3). What is the units digit of (l/(-2))/((-2)/8*2)?
8
Let h = -12359 - -22225. What is the thousands digit of h?
9
Suppose -14*y + 19*y = 100. Suppose 5*p = -y, -3*u = 2*u + 3*p + 2. What is the tens digit of 48/(-28)*(-35)/u?
3
Let s = 18700 + -11854. What is the units digit of s?
6
Suppose q - 5*b = 10, 16 = 3*q + 2*b - 14. Suppose 15*l + q = 17*l. Suppose 0 = 2*i - 3*a - 246, -l*i + 590 = 3*a + 2*a. What is the hundreds digit of i?
1
Let j be (-1 + -2)*(3 - 16/3). Let l(k) = k**3 - k**2 - 3*k - 15. What is the units digit of l(j)?
8
Let r(v) = 5*v**2 - 15*v - 38. Let i(f) = 2*f**2 - 5*f - 13. Let y(b) = 8*i(b) - 3*r(b). Let k be y(-5). Suppose 485 = -k*c + 15*c. What is the tens digit of c?
9
What is the tens digit of 24 + 3761 + 75/(-5)?
7
Suppose 8*c + 156 = -124. Let s = 39 + c. Suppose 0 = -4*u, 3*a + 2 = s*a - u. What is the units digit of a?
2
Suppose 0 = -4*t - f + 17 + 68, 0 = 2*t + 4*f - 60. Suppose -21*y + t*y - 3 = 0. What is the units digit of 1*118*y/(-6)?
9
Suppose 5*r = 3*r - 2624. Let t = r + 3021. What is the units digit of t?
9
Let o(j) = -j**3 + 6*j**2 + 15*j + 13. Let b be o(8). Suppose -b + 17 = -t. What is the tens digit of (-476)/t - 10/15?
3
Suppose -8*z + 8 = -4*z. Suppose 4*b = 5*w + 30, b + 9 = -2*w + z*b. Let v(c) = -2*c**3 + 4*c**2 + c - 3. What is the tens digit of v(w)?
2
Suppose 0*b = 27*b + 12*b - 73944. What is the hundreds digit of b?
8
Let t(s) = 793*s + 736. What is the units digit of t(6)?
4
Let k be 4/(-8)*(-7 - -5) + 1. Suppose 3*w + 45 = -2*b + 2736, k*b - 6 = 0. What is the units digit of w?
5
Let h = 9759 - -31319. What is the units digit of h?
8
Let b(h) = h**3 - 17*h**2 + 35*h + 12. Let n be b(32). Suppose -14848 = -20*w + n. What is the thousands digit of w?
1
Suppose m + 3 = -0*m. Let p be m + (3 - 5) + -4. What is the tens digit of (9/(-6))/(p/246)?
4
Let z be (-6)/27 - (-370)/45. Let p(k) = 2*k**3 - 11*k**2 + 3*k - 19. What is the tens digit of p(z)?
2
What is the ten thousands digit of 42909/2 + -1 - 59/(-118)?
2
Let k be 594/4*(-4 + -5 + 25). Suppose 0*c - k = -9*c. What is the tens digit of c?
6
Suppose -32643 = -104*j + 72*j + 1241917. What is the hundreds digit of j?
8
Suppose 1 = -2*r + 11. Suppose r*v + c = 154, -3*v - 2 + 99 = -4*c. Suppose 0 = -5*t - d + 38, d + v = 4*t + 2*d. What is the units digit of t?
7
Let i be (-2)/6 + (-44)/12 - -7. Let m = i + -5. Let f(x) = -20*x**3 + 2*x**2 - x - 2. What is the hundreds digit of f(m)?
1
What is the units digit of (-3735)/((-18)/1584 + 4/(-11))?
0
What is the units digit of ((-6)/(-4))/(13/26)*(-38675)/(-51)?
5
Let w be ((-2)/(-10)*116)/(2/300). Suppose -26*k = -17468 + w. What is the units digit of k?
8
Let c = 1933 + -1656. What is the tens digit of c?
7
Let x(u) = 240*u - 19. Let f be x(2). Let c = f - -431. What is the hundreds digit of c?
8
Let c(p) = p**2 - 14*p - 4. Let q be c(14). Let k be 5/(75/(-35)) + q/(-3). What is the units digit of 275*k/((-15)/6)?
0
Suppose 0 = 37*j - 32080 - 129869. What is the hundreds digit of j?
3
Let u = 23307 - 16049. What is the units digit of u?
8
Let l(c) = -c - 12. Let w be l(-16). Suppose 4*x + 96 + 26 = 2*j, -5*j + 333 = w*x. Suppose 5*r - 25 = -0*v - v, -j = -v + 5*r. What is the units digit of v?
5
Let u(q) = 2 - 30 + 10*q + 86*q - 11. Let d be u(10). Suppose d = 14*k - 1151. What is the hundreds digit of k?
1
Let g = 331 - -420. Let b = g + -98. What is the hundreds digit of b?
6
Suppose -10244120 + 281670 = -253*f + 23*f. What is the thousands digit of f?
3
Let z(h) = 2*h**2 - 45*h + 117. What is the thousands digit of z(43)?
1
Let v(i) = 20*i**3 - i**2 - 2*i. Let a(b) = b**2 + 21*b - 70. Let l be a(-24). What is the tens digit of v(l)?
5
Suppose 0 = -11*q - 678 + 4209. Suppose -q - 348 = -3*c. Suppose c - 43 = 3*s. What is the tens digit of s?
6
What is the thousands digit of 120/(-28)*-24*182?
8
Suppose f - 1 = -0. Let b(h) = 2*h**2 + h - 2. Let s be b(f). What is the tens digit of 1 + (s - 1*(0 - 82))?
8
Suppose 3*t + 8 = 14. Suppose -800 = -3*p + 6*h - 4*h, -t*h = 5*p - 1312. What is the units digit of p